rs of 1791588?
2, 3, 173, 863
What are the prime factors of 4502271?
3, 37, 47, 863
List the prime factors of 13138391.
7, 167, 11239
List the prime factors of 90189.
3, 11, 911
What are the prime factors of 1005701?
1005701
List the prime factors of 13404.
2, 3, 1117
List the prime factors of 2055844.
2, 7, 17, 617
List the prime factors of 229689.
3, 47, 181
What are the prime factors of 1185930?
2, 3, 5, 13177
List the prime factors of 360075.
3, 5, 4801
What are the prime factors of 537715?
5, 41, 43, 61
What are the prime factors of 12944345?
5, 2588869
List the prime factors of 3187419.
3, 29, 36637
What are the prime factors of 5445725?
5, 217829
List the prime factors of 164652.
2, 3, 13721
List the prime factors of 259275.
3, 5, 3457
What are the prime factors of 184616?
2, 47, 491
List the prime factors of 1504648.
2, 19, 521
What are the prime factors of 3330459?
3, 11, 33641
What are the prime factors of 149586?
2, 3, 107, 233
List the prime factors of 1297689.
3, 307, 1409
What are the prime factors of 157040?
2, 5, 13, 151
List the prime factors of 482557.
211, 2287
What are the prime factors of 460784?
2, 31, 929
List the prime factors of 10408222.
2, 11, 473101
What are the prime factors of 37680504?
2, 3, 37, 42433
What are the prime factors of 3529013?
17, 207589
What are the prime factors of 2968504?
2, 7, 11, 61, 79
What are the prime factors of 47453?
7, 6779
List the prime factors of 36458.
2, 18229
What are the prime factors of 4508946?
2, 3, 13, 2141
List the prime factors of 69866.
2, 181, 193
What are the prime factors of 208522?
2, 17, 6133
What are the prime factors of 813558?
2, 3, 135593
List the prime factors of 9709072.
2, 47, 12911
What are the prime factors of 1100886?
2, 3, 17, 43, 251
What are the prime factors of 207849?
3, 79, 877
List the prime factors of 242898.
2, 3, 40483
List the prime factors of 275100.
2, 3, 5, 7, 131
What are the prime factors of 503628?
2, 3, 41969
List the prime factors of 94769.
97, 977
List the prime factors of 81633.
3, 27211
List the prime factors of 133058.
2, 66529
What are the prime factors of 835076?
2, 11, 18979
List the prime factors of 3816534.
2, 3, 17, 31, 71
List the prime factors of 1095953.
1031, 1063
List the prime factors of 49727.
49727
What are the prime factors of 415721?
415721
What are the prime factors of 2455389?
3, 19, 83, 173
What are the prime factors of 2450604?
2, 3, 13, 23, 683
What are the prime factors of 3949758?
2, 3, 19, 11549
List the prime factors of 916191.
3, 11311
List the prime factors of 918751.
918751
What are the prime factors of 6917808?
2, 3, 167, 863
List the prime factors of 132506.
2, 11, 19, 317
List the prime factors of 6040636.
2, 7, 215737
List the prime factors of 423651.
3, 283, 499
List the prime factors of 582477.
3, 7, 27737
List the prime factors of 2430832.
2, 139, 1093
What are the prime factors of 1634234?
2, 7, 116731
List the prime factors of 477949.
29, 16481
List the prime factors of 75185.
5, 11, 1367
What are the prime factors of 9654297?
3, 1523, 2113
What are the prime factors of 1368556?
2, 7, 37, 1321
List the prime factors of 292822.
2, 41, 3571
What are the prime factors of 144035?
5, 28807
List the prime factors of 12124207.
179, 67733
List the prime factors of 2943887.
2943887
What are the prime factors of 15408?
2, 3, 107
What are the prime factors of 7598537?
19, 47, 67, 127
What are the prime factors of 434673?
3, 17, 947
What are the prime factors of 27401708?
2, 103, 66509
List the prime factors of 4671338.
2, 7, 333667
What are the prime factors of 31984772?
2, 7996193
What are the prime factors of 967215?
3, 5, 17, 3793
List the prime factors of 420480.
2, 3, 5, 73
List the prime factors of 17433529.
17433529
List the prime factors of 366999.
3, 71, 1723
List the prime factors of 680267.
7, 13883
List the prime factors of 280349.
37, 7577
List the prime factors of 86290.
2, 5, 8629
What are the prime factors of 173539?
173539
What are the prime factors of 15821230?
2, 5, 1237, 1279
What are the prime factors of 426857?
23, 67, 277
What are the prime factors of 338339?
338339
List the prime factors of 399334.
2, 13, 15359
What are the prime factors of 2523422?
2, 11, 23, 4987
What are the prime factors of 11919143?
37, 322139
What are the prime factors of 1000594?
2, 7, 71471
List the prime factors of 289015.
5, 57803
List the prime factors of 82624.
2, 1291
What are the prime factors of 12409?
12409
List the prime factors of 226558.
2, 113279
What are the prime factors of 31792?
2, 1987
What are the prime factors of 3776938?
2, 11, 171679
What are the prime factors of 1159046?
2, 7, 11827
What are the prime factors of 3926997?
3, 23, 61, 311
List the prime factors of 253401.
3, 84467
List the prime factors of 9411048.
2, 3, 23, 5683
What are the prime factors of 5072879?
7, 59, 71, 173
List the prime factors of 2701442.
2, 23, 58727
List the prime factors of 462852.
2, 3, 13, 23, 43
What are the prime factors of 57779?
19, 3041
List the prime factors of 620516.
2, 13, 11933
List the prime factors of 2664179.
7, 54371
What are the prime factors of 2916595?
5, 11, 19, 2791
What are the prime factors of 3095149?
3095149
What are the prime factors of 98689?
98689
What are the prime factors of 13409928?
2, 3, 7, 181
What are the prime factors of 8298823?
13, 638371
What are the prime factors of 7678665?
3, 5, 23, 2473
What are the prime factors of 7911551?
7911551
List the prime factors of 833154.
2, 3, 7, 83, 239
What are the prime factors of 816938?
2, 408469
What are the prime factors of 51002?
2, 7, 3643
What are the prime factors of 346625?
5, 47, 59
What are the prime factors of 1691366?
2, 845683
What are the prime factors of 541774?
2, 41, 6607
What are the prime factors of 2192785?
5, 7, 31, 43, 47
What are the prime factors of 5962022?
2, 11, 457, 593
What are the prime factors of 1030016?
2, 13, 619
What are the prime factors of 9671623?
13, 17, 107, 409
List the prime factors of 21340429.
11, 167, 11617
List the prime factors of 866926.
2, 29, 14947
What are the prime factors of 39870?
2, 3, 5, 443
List the prime factors of 85018.
2, 42509
List the prime factors of 6949946.
2, 79, 43987
List the prime factors of 11793244.
2, 2948311
List the prime factors of 1491862.
2, 745931
What are the prime factors of 129349?
11, 1069
List the prime factors of 37631424.
2, 3, 195997
List the prime factors of 9535818.
2, 3, 1589303
What are the prime factors of 7618629?
3, 2539543
What are the prime factors of 1700716?
2, 193, 2203
What are the prime factors of 3274941?
3, 29, 37643
List the prime factors of 488293.
13, 37561
What are the prime factors of 6244614?
2, 3, 4283
List the prime factors of 162258.
2, 3, 27043
What are the prime factors of 16968954?
2, 3, 131, 21589
List the prime factors of 4676058.
2, 3, 259781
What are the prime factors of 956658?
2, 3, 17, 83, 113
List the prime factors of 4103868.
2, 3, 17, 20117
What are the prime factors of 49798?
2, 7, 3557
What are the prime factors of 761241?
3, 13, 131, 149
List the prime factors of 431497.
11, 39227
What are the prime factors of 227857?
7, 43, 757
List the prime factors of 759439.
653, 1163
What are the prime factors of 129224?
2, 29, 557
What are the prime factors of 428490?
2, 3, 5, 23
List the prime factors of 170037.
3, 7, 2699
What are the prime factors of 2639500?
2, 5, 5279
List the prime factors of 15900624.
2, 3, 12269
What are the prime factors of 10480265?
5, 101, 20753
List the prime factors of 2755091.
97, 28403
What are the prime factors of 1146266?
2, 11, 52103
What are the prime factors of 3637055?
5, 59, 12329
What are the prime factors of 12708541?
59, 215399
What are the prime factors of 50295?
3, 5, 7, 479
What are the prime factors of 601555?
5, 31, 3881
List the prime factors of 154487.
154487
What are the prime factors of 3561126?
2, 3, 17, 34913
What are the prime factors of 1956568?
2, 199, 1229
What are the prime factors of 22462?
2, 11, 1021
What are the prime factors of 2763700?
2, 5, 29, 953
List the prime factors of 1766718.
2, 3, 32717
List the prime factors of 54598.
2, 27299
List the prime factors of 23245470.
2, 3, 5, 258283
What are the prime factors of 730175?
5, 29207
List the prime factors